he third derivative of -d**4/8 - d**3 + 39*d**2. Let f be c(-9). Calculate the greatest common factor of 21 and f.
21
Let l(a) = a**3 - 6*a**2 + 7*a. Suppose -5*u + 0 = 5. Let i be (-5 + 0)*(u - 0). Let t be l(i). Calculate the highest common factor of t and 10.
10
Let o be 22/(-33) - (1344/(-18) - -2). What is the highest common divisor of 1836 and o?
36
Suppose c - 11 = 5*j + 30, -5 = 5*j. Calculate the highest common divisor of c and 333.
9
Suppose 5*f = -3*r + 999, -384 = 64*f - 66*f + 4*r. What is the greatest common factor of f and 126?
18
Suppose -4*t = -1800 + 1288. What is the highest common factor of 24 and t?
8
Suppose -4*l + 78 = 22. Let o(r) = r**3 - 14*r**2 + 3*r - 10. Let w be o(l). What is the greatest common factor of w and 8?
8
Let k(n) = 15*n**2 - 19*n + 18. Let u be k(-9). Calculate the highest common divisor of 54 and u.
54
Suppose 5*w - 62 = -2*a, 8*w - 3*w - 4*a - 56 = 0. Suppose 17*g + 216 = 19*g. Calculate the highest common factor of w and g.
12
Suppose 5*a - 4*q = 23, -a + 6*a + q = 38. Suppose -f + a = 3. Suppose j + f*j - 75 = 0. What is the greatest common factor of j and 135?
15
Let l = 44 - 32. What is the greatest common factor of l and 108?
12
Let u(n) = 108*n + n**2 - 108*n + 111. Let m be u(0). Suppose -p = -m - 19. Calculate the greatest common divisor of 52 and p.
26
Suppose 5*u = 607 - 7. Let h(m) = 8*m - 2. Let l be h(4). Calculate the greatest common factor of l and u.
30
Suppose 3*j + 1792 = 4*t, -5*j + 2240 = 5*t - 0*j. Calculate the greatest common factor of t and 192.
64
Suppose -4*b + 3*p + 19 = 0, -3*p = -0*b + b + 14. Suppose -b = r - y - 4, 4*r - 14 = 3*y. What is the greatest common factor of r and 30?
5
Suppose -182 = 21*n - 23*n. What is the greatest common factor of n and 21?
7
Suppose 3*t = -a + 169, 2*a = -t + 16 + 37. Suppose 0 = -2*x - x + t. Let b = -1971 - -2104. Calculate the highest common factor of b and x.
19
Let y(l) = -2*l - l**2 - 4*l**3 + 2*l**3 + 3*l**3. Let x be y(-3). Let n be (x/(-3))/(-2)*-1. Calculate the highest common factor of n and 35.
5
Let g be 137 + (4 - (-3)/(-3)). Let d = g - -51. Suppose 94 = 5*n - d. What is the greatest common factor of n and 38?
19
Let t(m) = 5*m**2 - m + 1. Let o be t(1). Let d be (-5)/25 + 21/o. Suppose -s + j + d = 0, -s + 4*j = 2*s - 15. What is the highest common divisor of 1 and s?
1
Let i be 766/22 + 10/55. Suppose -45 = 4*b + i. Let n be (-48)/(-5) + (-8)/b. What is the highest common factor of n and 10?
10
Let f be ((-11)/(-2) + 4)*88. Suppose 19*w = 190 + f. What is the highest common factor of 81 and w?
27
Suppose 7*a - 282 = 383. Let f be 2603/a - (6/5)/(-2). Suppose b - 70 = -0*b. What is the highest common factor of b and f?
14
Suppose 3*q - 5*i = 2*q + 37, 56 = 2*q - i. Let z be (36/q)/((-2)/(-12)). Let v = z + -2. Calculate the highest common factor of 2 and v.
2
Let b(k) = 70*k**2 - k - 3. Let y be b(-1). Let n = 131 - y. Calculate the greatest common divisor of n and 18.
9
Suppose s - 49 - 47 = 0. Let y(n) = n**2 + 27*n + 12. Let o be y(-27). What is the highest common factor of o and s?
12
Suppose 9*f + 30 = 7*f. Let d be (10/3)/((-2)/f). What is the greatest common divisor of 25 and d?
25
Let l be -2 + (-3 - -2) + -1. Let f = 0 - l. Let v(d) = d - 4. Let o be v(8). What is the greatest common factor of o and f?
4
Let r be 107 - (0 + (-15)/(-25))*-5. What is the greatest common factor of 44 and r?
22
Let y = -80 + 374. Let p be -3 - 1 - -3 - -43. Calculate the greatest common divisor of y and p.
42
Suppose -6*k = -2*k - 80. Let c = -19 + 21. Let j be c/(-2)*(2 + -7 + 1). Calculate the greatest common divisor of j and k.
4
Let c = 98 + -35. What is the greatest common divisor of 42 and c?
21
Suppose 2*y - 3*i = 33, 2*i - 20 = -5*y + 34. Let h be -13 + (-298)/(-7) - (-9)/21. Calculate the greatest common factor of y and h.
6
Let h be 1352/28 - 4/14. Let n be ((-6)/4)/(3/h). Let p = -17 - n. What is the greatest common divisor of 1 and p?
1
Suppose -47 - 16 = -7*h. Let k(x) = -x**3 + 8*x**2 + 9*x + 6. Let i be k(h). Calculate the highest common factor of i and 18.
6
Let n = -62 + 32. Let h be (1/(6/(-8)))/(5/n). What is the greatest common factor of h and 24?
8
Suppose 5*b - 5 + 55 = 0. Let u be -1*144/(-20) - (-2)/b. What is the highest common factor of 14 and u?
7
Suppose -6*r + 21 = -9. Suppose -r*q - 20 = -h, 0 = -3*q - 2 - 4. Calculate the highest common divisor of h and 35.
5
Suppose 4*f = -f + 2*d + 108, 2*d - 90 = -4*f. Let u(q) = q**2 + 44*q - 455. Let l be u(9). Calculate the highest common factor of l and f.
22
Let h(t) = -t**3 + 3*t**2 + t - 1. Let w = 26 - 23. Let c be h(w). Calculate the highest common factor of c and 20.
2
Let q = 330 - 305. What is the highest common factor of 200 and q?
25
Let a(n) = n**3 + 3*n**2 - 2*n. Suppose 0 = -2*q - q - 3. Let h be (-8)/4*q + -5. Let r be a(h). Calculate the highest common factor of 18 and r.
6
Suppose 2 = -g + 6. Calculate the highest common divisor of 1352 and g.
4
Let d(r) be the second derivative of -r**4/12 - 7*r**3/3 + 23*r**2/2 - 35*r. Let c be d(-14). Calculate the greatest common factor of 23 and c.
23
Let d(n) = 84*n**2 + 41*n - 1. Let w be d(-3). Calculate the greatest common factor of 237 and w.
79
Suppose -4*u + 307 + 438 = 3*g, 0 = -u + 5*g + 192. Suppose 0 = 4*r - 55 + 11. Calculate the highest common factor of r and u.
11
Suppose 4*d - 12*f - 525 = -11*f, -3*f = 2*d - 273. Calculate the greatest common divisor of 363 and d.
33
Let a = 3828 + -2211. What is the greatest common divisor of a and 66?
33
Let l be (-30)/(1785/(-4788) - 2/(-6)). What is the highest common divisor of l and 5?
5
Suppose 4*q - 48 = -4*c, -3*q + 4*q - 5*c + 12 = 0. What is the greatest common factor of 6 and q?
2
Suppose 49*s - 4850 = -48*s. What is the greatest common factor of s and 1350?
50
Let f be (-3)/(-1 + 0) - 0. Suppose f*l - 44 = -v - 10, -4*v - 5*l = -101. Calculate the greatest common divisor of v and 95.
19
Let r be -48*((-34)/3 - -2). Calculate the highest common divisor of r and 128.
64
Suppose 76 + 152 = 12*j. What is the highest common factor of 19 and j?
19
Let x(b) = -b**2 - 40*b + 4. Let y be x(-39). Suppose -m + 5*w = -187, -2*w = m - 6*m + 866. What is the highest common factor of m and y?
43
Suppose 14*r - 104 = -6. Calculate the highest common divisor of 161 and r.
7
Let l(c) = 4*c + 6. Let i be l(7). Let u(m) = m**3 - 11*m**2 - 3*m + 12. Let b be u(11). Let k = 38 + b. Calculate the greatest common factor of k and i.
17
Let w = 27 + -21. Let f be 9/27 + 52/w. Suppose f = 3*i, 0 = 2*n - 2*i - 109 - 61. Calculate the highest common factor of 22 and n.
22
Let n be ((-16)/3)/((-1491)/297 - -5). Suppose 4*m - n = -4*m. Calculate the highest common factor of 11 and m.
11
Let r(t) = t**3 - 9*t**2 - 2*t + 7. Let z be r(9). Let o = -9 - z. Suppose -c - 72 = -o*c. Calculate the highest common divisor of 8 and c.
8
Let m(h) = -3*h + 30. Let u = -82 - -89. Let w be m(u). Calculate the highest common divisor of w and 144.
9
Let i = -419 - -807. Let x be -6*(i/(-12) + 3/(-9)). What is the highest common divisor of 28 and x?
28
Let o(s) = s**3 + 8*s**2 - 2*s - 13. Let l be o(-8). Suppose -396 = -3*v - 5*a, -311 = -2*v - l*a - 47. What is the highest common factor of 12 and v?
12
Suppose -2*q + q = -1. Suppose -2*h + h = q. Let z = 26 - h. What is the greatest common divisor of z and 54?
27
Suppose 0*n = 3*n + 69. Let u = n - -55. Calculate the highest common divisor of 4 and u.
4
Let x = -34 + 57. Suppose 0*u + 5*u = -5*d + 45, 5*u + 2*d - 39 = 0. Let n = u + x. Calculate the greatest common factor of n and 6.
6
Let y = 226 - 176. What is the highest common divisor of 2 and y?
2
Let k be 93610/935 + 2/(-17). Let r(w) = w**2 + w + 20. Let o be r(0). What is the greatest common divisor of o and k?
20
Suppose -11 = -b + 12. Let c(v) = -7*v + 139. Let m be c(10). What is the greatest common divisor of b and m?
23
Let o = 192 + -269. Let x = o + 122. What is the highest common divisor of 30 and x?
15
Let g(w) = 3*w**3 + 2*w**2 - 13*w + 6. Let t be g(2). Calculate the highest common divisor of 12 and t.
12
Let g = 59 - 36. Let n = 177 - -7. Calculate the greatest common factor of g and n.
23
Suppose 3*c - 10 = -3*s + 8, -12 = 4*c - 5*s. Let q(g) = 21*g**2 - g + 2. Let p be